vide 19008?
True
Is 762 a factor of 5121695?
False
Does 15 divide 1296240?
True
Does 325 divide 4276706?
False
Is 40 a factor of 6867040?
True
Is 78 a factor of 61308?
True
Does 59 divide 75351?
False
Is 77 a factor of 110653?
False
Is 6 a factor of 2101070?
False
Is 29 a factor of 201637?
True
Is 24074690 a multiple of 13?
False
Does 446 divide 6733262?
True
Is 272 a factor of 552586?
False
Is 18 a factor of 11436?
False
Is 13 a factor of 837408?
True
Is 329479 a multiple of 14?
False
Does 9 divide 4643799?
False
Is 17 a factor of 1129480?
True
Is 21 a factor of 120758?
False
Does 3 divide 64429?
False
Is 18 a factor of 4207330?
False
Does 44 divide 11792616?
True
Is 16 a factor of 415262?
False
Is 172 a factor of 242348?
True
Is 76271 a multiple of 376?
False
Is 8 a factor of 80280?
True
Is 379713 a multiple of 141?
True
Is 9796124 a multiple of 118?
True
Is 738295 a multiple of 83?
False
Is 719 a factor of 14984679?
True
Is 373864 a multiple of 2094?
False
Does 6 divide 2944?
False
Is 9183 a multiple of 3?
True
Is 566 a factor of 1322309?
False
Does 283 divide 170366?
True
Is 18 a factor of 8852850?
True
Does 132 divide 226512?
True
Does 41 divide 1293448?
False
Is 110548 a multiple of 59?
False
Does 260 divide 155220?
True
Is 987 a factor of 2321845?
False
Does 14 divide 1235767?
False
Does 870 divide 1509450?
True
Does 141 divide 155134?
False
Is 90 a factor of 2857280?
False
Does 4 divide 893222?
False
Is 856503 a multiple of 12?
False
Is 2 a factor of 24784?
True
Is 9034275 a multiple of 1300?
False
Is 126051 a multiple of 13?
False
Is 6 a factor of 8310?
True
Is 12 a factor of 259680?
True
Is 2 a factor of 262271?
False
Does 42 divide 61320?
True
Does 9 divide 1093378?
False
Is 67 a factor of 121094?
False
Is 96 a factor of 8707317?
False
Is 27316 a multiple of 32?
False
Is 90 a factor of 19047872?
False
Is 268 a factor of 238520?
True
Is 17 a factor of 823648?
False
Is 63 a factor of 221760?
True
Does 4 divide 32352?
True
Does 42 divide 4568055?
False
Is 60 a factor of 187295?
False
Is 109789 a multiple of 7?
False
Is 21 a factor of 286629?
True
Does 126 divide 689472?
True
Does 21 divide 224049?
True
Does 11 divide 6861481?
True
Is 202286 a multiple of 7?
True
Does 12 divide 136632?
True
Is 333 a factor of 941724?
True
Is 430 a factor of 18490?
True
Is 20 a factor of 1219868?
False
Does 276 divide 382536?
True
Does 282 divide 1153230?
False
Is 618016 a multiple of 1246?
True
Does 16 divide 175504?
True
Is 247160 a multiple of 148?
True
Is 33 a factor of 1820433?
False
Is 8 a factor of 19056?
True
Is 171458 a multiple of 37?
True
Is 60637 a multiple of 31?
False
Does 124 divide 4532629?
False
Is 179 a factor of 156540?
False
Is 893 a factor of 2009250?
True
Is 2732 a multiple of 5?
False
Is 51490 a multiple of 190?
True
Is 46 a factor of 2470890?
True
Is 10671785 a multiple of 242?
False
Does 143 divide 704098?
False
Is 42069 a multiple of 2?
False
Does 1096 divide 3269368?
True
Is 12 a factor of 10268136?
True
Is 205 a factor of 500405?
True
Is 141 a factor of 736813?
False
Is 5 a factor of 33405?
True
Is 2058777 a multiple of 189?
True
Does 3093 divide 30159843?
True
Is 31205 a multiple of 15?
False
Is 16101 a multiple of 9?
True
Is 17 a factor of 2361282?
False
Is 8 a factor of 649104?
True
Is 264 a factor of 254775?
False
Does 37 divide 318449?
False
Does 284 divide 734140?
True
Is 10 a factor of 304317?
False
Is 235 a factor of 767745?
True
Is 349170 a multiple of 226?
True
Does 11 divide 912863?
False
Is 13328711 a multiple of 11?
True
Is 162 a factor of 21057?
False
Does 127 divide 80264?
True
Does 4 divide 262320?
True
Does 453 divide 1143?
False
Is 8 a factor of 7131490?
False
Does 19 divide 1801523?
True
Does 13 divide 988897?
True
Is 15 a factor of 811866?
False
Is 77 a factor of 260414?
True
Does 30 divide 179550?
True
Is 65563 a multiple of 11?
False
Is 3 a factor of 27819?
True
Is 1367159 a multiple of 23?
False
Does 2 divide 115602?
True
Is 3992991 a multiple of 62?
False
Is 1364586 a multiple of 298?
False
Is 44209 a multiple of 18?
False
Is 14 a factor of 40711?
False
Is 29314311 a multiple of 29?
False
Does 20 divide 5633800?
True
Is 20 a factor of 199780?
True
Does 666 divide 1718946?
True
Does 120 divide 5558400?
True
Is 16 a factor of 14659324?
False
Does 142 divide 212432?
True
Is 170 a factor of 125980?
False
Does 52 divide 365675?
False
Does 8 divide 44672?
True
Does 47 divide 152426?
False
Is 401055 a multiple of 100?
False
Is 85 a factor of 196563?
False
Is 72 a factor of 14593392?
True
Is 4123104 a multiple of 423?
False
Is 50 a factor of 17384950?
True
Is 41 a factor of 68552?
True
Is 6444334 a multiple of 1534?
True
Is 7545056 a multiple of 153?
False
Does 12 divide 145224?
True
Is 26422799 a multiple of 13?
True
Is 235122 a multiple of 447?
True
Does 116 divide 1057224?
True
Is 182827 a multiple of 23?
True
Is 395 a factor of 3932820?
False
Is 43532 a multiple of 11?
False
Is 88820 a multiple of 142?
False
Is 492125 a multiple of 762?
False
Is 167 a factor of 1029573?
False
Is 7 a factor of 43241?
False
Is 8523946 a multiple of 119?
False
Is 112 a factor of 4643119?
False
Is 8 a factor of 76694?
False
Is 275225 a multiple of 101?
True
Does 9 divide 341918?
False
Is 8 a factor of 4749955?
False
Does 411 divide 7140714?
True
Is 5711069 a multiple of 91?
True
Is 44 a factor of 19058?
False
Does 2 divide 175280?
True
Is 146929 a multiple of 13?
False
Is 9 a factor of 59301?
True
Is 340416 a multiple of 6?
True
Does 4 divide 3979137?
False
Does 210 divide 101010?
True
Does 48 divide 80400?
True
Is 86 a factor of 464658?
True
Is 793492 a multiple of 28?
True
Does 31 divide 20829316?
False
Does 96 divide 73347?
False
Is 16084405 a multiple of 497?
False
Does 160 divide 8008?
False
Is 5235032 a multiple of 124?
True
Is 4 a factor of 8254?
False
Is 93 a factor of 3522189?
True
Is 1734153 a multiple of 3?
True
Is 1617454 a multiple of 92?
False
Is 21 a factor of 255780?
True
Is 14 a factor of 156464?
True
Does 16 divide 833227?
False
Does 1033 divide 7000641?
True
Is 20 a factor of 190041?
False
Is 3915709 a multiple of 13?
False
Does 23 divide 28681?
True
Does 40 divide 6644880?
True
Is 709 a factor of 1644171?
True
Does 10 divide 2998730?
True
Does 475 divide 1178707?
False
Is 33 a factor of 941721?
True
Does 21 divide 649005?
True
Is 12 a factor of 110581?
False
Is 21 a factor of 300600?
False
Is 39003 a multiple of 103?
False
Does 2 divide 10074?
True
Is 111233 a multiple of 100?
False
Does 48 divide 78672?
True
Is 20932765 a multiple of 35?
True
Is 52 a factor of 2221492?
True
Is 92 a factor of 407958?
False
Is 313068 a multiple of 28?
True
Is 5051799 a multiple of 31?
False
Does 20 divide 71730?
False
Is 4620151 a multiple of 86?
False
Is 27 a factor of 1147354?
False
Is 418002 a multiple of 9?
False
Is 3324305 a multiple of 8?
False
Does 3 divide 162171?
True
Is 21 a factor of 1772629?
False
Is 1396080 a multiple of 45?
True
Does 8 divide 104248?
True
Is 4 a factor of 240736?
True
Does 33 divide 39446?
False
Does 259 divide 234136?
True
Is 2 a factor of 716691?
False
Is 270 a factor of 288360?
True
Does 121 divide 229076?
False
Is 54 a factor of 1810836?
True
Does 10 divide 5048910?
True
Is 109107 a multiple of 449?
True
Is 184 a factor of 77464?
True
Is 20 a factor of 3578431?
False
Is 2298058 a multiple of 354?
False
Is 86976 a multiple of 32?
True
Does 89 divide 1252675?
True
Does 6 divide 7537909?
False
Does 22 divide 59360?
False
Is 4314801 a multiple of 217?
False
Is 118 a factor of 1077301?
False
Is 18 a factor of 474012?
True
Does 6 divide 15271?
False
Does 338 divide 1365520?
True
Is 15 a factor of 149790?
True
Does 35 divide 153089?
False
Is 119 a factor of 3324027?
True
Is 2362104 a multiple of 318?
True
Does 14 divide 108318?
True
Does 64 divide 54053?
False
Is 3275440 a multiple of 40?
True
Is 101545 a multiple of 23?
True
Does 15 divide 945?
True
Is 9007992 a multiple of 42?
True
Is 320225 a multiple of 94?
False
Does 45 divide 170227?
False
Does 82 divide 417568?
False
Is 2 a factor of 530098?
True
Is 206655 a multiple of 23?
True
Is 22183376 a multiple of 8?
True
Does 39 divide 3954006?
False
Is 72 a factor of 5748768?
True
Does 57 divide 303401?
False
Is 243 a factor of 23390813?
False
